{"id":235,"date":"2023-02-05T21:02:48","date_gmt":"2023-02-05T21:02:48","guid":{"rendered":"https:\/\/sem-s-klangraum.de\/?page_id=235"},"modified":"2023-02-12T17:12:57","modified_gmt":"2023-02-12T17:12:57","slug":"klangreise","status":"publish","type":"page","link":"https:\/\/sem-s-klangraum.de\/?page_id=235","title":{"rendered":"Klangreise"},"content":{"rendered":"\n<p class=\"has-text-align-center\">Es finden regelm\u00e4\u00dfig Klangreisen statt.<\/p>\n\n\n<div class=\"wp-block-image\">\n<figure class=\"aligncenter\"><img decoding=\"async\" loading=\"lazy\" width=\"640\" height=\"480\" src=\"https:\/\/sem-s-klangraum.de\/wp-content\/uploads\/2023\/02\/IMG_0040-1.jpg\" alt=\"\" class=\"wp-image-155\" srcset=\"https:\/\/sem-s-klangraum.de\/wp-content\/uploads\/2023\/02\/IMG_0040-1.jpg 640w, https:\/\/sem-s-klangraum.de\/wp-content\/uploads\/2023\/02\/IMG_0040-1-300x225.jpg 300w\" sizes=\"(max-width: 640px) 100vw, 640px\" \/><\/figure><\/div>\n\n\n<p class=\"has-text-align-center\">Eine Klangreise ist eine gef\u00fchrte Meditation, begleitet von Klangschalen und einem Gong.<\/p>\n\n\n\n<p class=\"has-text-align-center\">Die Klangreise l\u00e4dt Sie ein zum Tr\u00e4umen und Entspannen.<\/p>\n\n\n\n<p class=\"has-text-align-center\">Auf diese wohltuenden Reise k\u00f6nnen sich bei sanften Kl\u00e4ngen positive Gedanken und Gef\u00fchle entfalten, neue Kraft und Lebensenergie kann gesch\u00f6pft werden.<\/p>\n\n\n\n<figure class=\"is-layout-flex wp-block-gallery-1 wp-block-gallery has-nested-images columns-default is-cropped\">\n<figure class=\"wp-block-image size-large\"><img decoding=\"async\" loading=\"lazy\" width=\"1024\" height=\"746\" data-id=\"407\"  src=\"https:\/\/sem-s-klangraum.de\/wp-content\/uploads\/2023\/02\/Screenshot_20230212_164308_Photos1-1024x746.jpg\" alt=\"\" class=\"wp-image-407\" srcset=\"https:\/\/sem-s-klangraum.de\/wp-content\/uploads\/2023\/02\/Screenshot_20230212_164308_Photos1-1024x746.jpg 1024w, https:\/\/sem-s-klangraum.de\/wp-content\/uploads\/2023\/02\/Screenshot_20230212_164308_Photos1-300x219.jpg 300w, https:\/\/sem-s-klangraum.de\/wp-content\/uploads\/2023\/02\/Screenshot_20230212_164308_Photos1-768x560.jpg 768w, https:\/\/sem-s-klangraum.de\/wp-content\/uploads\/2023\/02\/Screenshot_20230212_164308_Photos1.jpg 1080w\" sizes=\"(max-width: 1024px) 100vw, 1024px\" \/><\/figure>\n\n\n\n<figure class=\"wp-block-image size-large\"><img decoding=\"async\" loading=\"lazy\" width=\"1024\" height=\"856\" data-id=\"405\"  src=\"https:\/\/sem-s-klangraum.de\/wp-content\/uploads\/2023\/02\/Screenshot_20230212_164314_Photos1-1024x856.jpg\" alt=\"\" class=\"wp-image-405\" srcset=\"https:\/\/sem-s-klangraum.de\/wp-content\/uploads\/2023\/02\/Screenshot_20230212_164314_Photos1-1024x856.jpg 1024w, https:\/\/sem-s-klangraum.de\/wp-content\/uploads\/2023\/02\/Screenshot_20230212_164314_Photos1-300x251.jpg 300w, https:\/\/sem-s-klangraum.de\/wp-content\/uploads\/2023\/02\/Screenshot_20230212_164314_Photos1-768x642.jpg 768w, https:\/\/sem-s-klangraum.de\/wp-content\/uploads\/2023\/02\/Screenshot_20230212_164314_Photos1.jpg 1076w\" sizes=\"(max-width: 1024px) 100vw, 1024px\" \/><\/figure>\n<figcaption class=\"blocks-gallery-caption wp-element-caption\"><strong>Klangreise in einer Kirchengemeinde<\/strong><\/figcaption><\/figure>\n\n\n\n<p><\/p>\n\n\n\n<figure class=\"is-layout-flex wp-block-gallery-3 wp-block-gallery has-nested-images columns-default is-cropped\">\n<figure class=\"wp-block-image size-large\"><img decoding=\"async\" loading=\"lazy\" width=\"1024\" height=\"781\" data-id=\"404\"  src=\"https:\/\/sem-s-klangraum.de\/wp-content\/uploads\/2023\/02\/Screenshot_20230212_100038_Photos1-1024x781.jpg\" alt=\"\" class=\"wp-image-404\" srcset=\"https:\/\/sem-s-klangraum.de\/wp-content\/uploads\/2023\/02\/Screenshot_20230212_100038_Photos1-1024x781.jpg 1024w, https:\/\/sem-s-klangraum.de\/wp-content\/uploads\/2023\/02\/Screenshot_20230212_100038_Photos1-300x229.jpg 300w, https:\/\/sem-s-klangraum.de\/wp-content\/uploads\/2023\/02\/Screenshot_20230212_100038_Photos1-768x586.jpg 768w, https:\/\/sem-s-klangraum.de\/wp-content\/uploads\/2023\/02\/Screenshot_20230212_100038_Photos1.jpg 1080w\" sizes=\"(max-width: 1024px) 100vw, 1024px\" \/><\/figure>\n\n\n\n<figure class=\"wp-block-image size-large\"><img decoding=\"async\" loading=\"lazy\" width=\"1024\" height=\"779\" data-id=\"397\"  src=\"https:\/\/sem-s-klangraum.de\/wp-content\/uploads\/2023\/02\/Screenshot_20230212_095958_Photos1-1024x779.jpg\" alt=\"\" class=\"wp-image-397\" srcset=\"https:\/\/sem-s-klangraum.de\/wp-content\/uploads\/2023\/02\/Screenshot_20230212_095958_Photos1-1024x779.jpg 1024w, https:\/\/sem-s-klangraum.de\/wp-content\/uploads\/2023\/02\/Screenshot_20230212_095958_Photos1-300x228.jpg 300w, https:\/\/sem-s-klangraum.de\/wp-content\/uploads\/2023\/02\/Screenshot_20230212_095958_Photos1-768x584.jpg 768w, https:\/\/sem-s-klangraum.de\/wp-content\/uploads\/2023\/02\/Screenshot_20230212_095958_Photos1.jpg 1079w\" sizes=\"(max-width: 1024px) 100vw, 1024px\" \/><\/figure>\n<\/figure>\n\n\n\n<p class=\"has-text-align-center\">Finden Sie in einem Zustand tiefer Ruhe und Gel\u00f6stheit wundervolle innere Bilder, die K\u00f6rper, Geist und Seele wieder in Einklang bringen.<\/p>\n\n\n\n<p class=\"has-text-align-center\">Nehmen Sie sich diese Auszeit und entfliehen Sie dem Trubel und Stress des Alltags und tanken Sie neue Energie und Lebensfreude.<\/p>\n\n\n\n<figure class=\"is-layout-flex wp-block-gallery-5 wp-block-gallery has-nested-images columns-default is-cropped\">\n<figure class=\"wp-block-image size-large\"><img decoding=\"async\" loading=\"lazy\" width=\"780\" height=\"1024\" data-id=\"410\"  src=\"https:\/\/sem-s-klangraum.de\/wp-content\/uploads\/2023\/02\/Screenshot_20230212_164115_Photos1-780x1024.jpg\" alt=\"\" class=\"wp-image-410\" srcset=\"https:\/\/sem-s-klangraum.de\/wp-content\/uploads\/2023\/02\/Screenshot_20230212_164115_Photos1-780x1024.jpg 780w, https:\/\/sem-s-klangraum.de\/wp-content\/uploads\/2023\/02\/Screenshot_20230212_164115_Photos1-228x300.jpg 228w, https:\/\/sem-s-klangraum.de\/wp-content\/uploads\/2023\/02\/Screenshot_20230212_164115_Photos1-768x1008.jpg 768w, https:\/\/sem-s-klangraum.de\/wp-content\/uploads\/2023\/02\/Screenshot_20230212_164115_Photos1.jpg 1080w\" sizes=\"(max-width: 780px) 100vw, 780px\" \/><\/figure>\n\n\n\n<figure class=\"wp-block-image size-large\"><img decoding=\"async\" loading=\"lazy\" width=\"788\" height=\"1024\" data-id=\"406\"  src=\"https:\/\/sem-s-klangraum.de\/wp-content\/uploads\/2023\/02\/Screenshot_20230212_164252_Photos1-788x1024.jpg\" alt=\"\" class=\"wp-image-406\" srcset=\"https:\/\/sem-s-klangraum.de\/wp-content\/uploads\/2023\/02\/Screenshot_20230212_164252_Photos1-788x1024.jpg 788w, https:\/\/sem-s-klangraum.de\/wp-content\/uploads\/2023\/02\/Screenshot_20230212_164252_Photos1-231x300.jpg 231w, https:\/\/sem-s-klangraum.de\/wp-content\/uploads\/2023\/02\/Screenshot_20230212_164252_Photos1-768x998.jpg 768w, https:\/\/sem-s-klangraum.de\/wp-content\/uploads\/2023\/02\/Screenshot_20230212_164252_Photos1.jpg 1080w\" sizes=\"(max-width: 788px) 100vw, 788px\" \/><\/figure>\n<figcaption class=\"blocks-gallery-caption wp-element-caption\"><strong>Klangreise im Klangraum<\/strong><\/figcaption><\/figure>\n\n\n\n<p><\/p>\n\n\n\n<p class=\"has-text-align-center\">Erleben Sie eine Klangreise und sp\u00fcren Sie anschlie\u00dfend die Klangschalen auf Ihren K\u00f6rper.<\/p>\n\n\n\n<p class=\"has-text-align-center\">Auf dieser Reise kann sich der K\u00f6rper entspannen, der Geist beruhigen und die Seele mit neue Kraft und Energie f\u00fcllen.<\/p>\n\n\n\n<figure class=\"is-layout-flex wp-block-gallery-7 wp-block-gallery has-nested-images columns-default is-cropped\">\n<figure class=\"wp-block-image size-large\"><img decoding=\"async\" loading=\"lazy\" width=\"1079\" height=\"674\" data-id=\"435\"  src=\"https:\/\/sem-s-klangraum.de\/wp-content\/uploads\/2023\/02\/Screenshot_20230212_180023_Photos1-edited-1.jpg\" alt=\"\" class=\"wp-image-435\" srcset=\"https:\/\/sem-s-klangraum.de\/wp-content\/uploads\/2023\/02\/Screenshot_20230212_180023_Photos1-edited-1.jpg 1079w, https:\/\/sem-s-klangraum.de\/wp-content\/uploads\/2023\/02\/Screenshot_20230212_180023_Photos1-edited-1-300x187.jpg 300w, https:\/\/sem-s-klangraum.de\/wp-content\/uploads\/2023\/02\/Screenshot_20230212_180023_Photos1-edited-1-1024x640.jpg 1024w, https:\/\/sem-s-klangraum.de\/wp-content\/uploads\/2023\/02\/Screenshot_20230212_180023_Photos1-edited-1-768x480.jpg 768w\" sizes=\"(max-width: 1079px) 100vw, 1079px\" \/><\/figure>\n\n\n\n<figure class=\"wp-block-image size-large\"><img decoding=\"async\" loading=\"lazy\" width=\"1079\" height=\"1698\" data-id=\"436\"  src=\"https:\/\/sem-s-klangraum.de\/wp-content\/uploads\/2023\/02\/Screenshot_20230212_175946_Photos1-edited.jpg\" alt=\"\" class=\"wp-image-436\" srcset=\"https:\/\/sem-s-klangraum.de\/wp-content\/uploads\/2023\/02\/Screenshot_20230212_175946_Photos1-edited.jpg 1079w, https:\/\/sem-s-klangraum.de\/wp-content\/uploads\/2023\/02\/Screenshot_20230212_175946_Photos1-edited-191x300.jpg 191w, https:\/\/sem-s-klangraum.de\/wp-content\/uploads\/2023\/02\/Screenshot_20230212_175946_Photos1-edited-651x1024.jpg 651w, https:\/\/sem-s-klangraum.de\/wp-content\/uploads\/2023\/02\/Screenshot_20230212_175946_Photos1-edited-768x1209.jpg 768w, https:\/\/sem-s-klangraum.de\/wp-content\/uploads\/2023\/02\/Screenshot_20230212_175946_Photos1-edited-976x1536.jpg 976w\" sizes=\"(max-width: 1079px) 100vw, 1079px\" \/><\/figure>\n<figcaption class=\"blocks-gallery-caption wp-element-caption\"><strong>Klangreise bei der VHS<\/strong><\/figcaption><\/figure>\n\n\n\n<p><\/p>\n\n\n\n<p class=\"has-text-align-center\">Ganz unter dem Motto:<br>\u201eAuftanken von Energie und den Stress hinter sich lassen\u201c, mit Hilfe der Kl\u00e4nge.<\/p>\n\n\n\n<figure class=\"wp-block-image size-large\"><img decoding=\"async\" loading=\"lazy\" width=\"1024\" height=\"768\" src=\"https:\/\/sem-s-klangraum.de\/wp-content\/uploads\/2023\/02\/IMG-20200421-WA00631-1024x768.jpg\" alt=\"\" class=\"wp-image-351\" srcset=\"https:\/\/sem-s-klangraum.de\/wp-content\/uploads\/2023\/02\/IMG-20200421-WA00631-1024x768.jpg 1024w, https:\/\/sem-s-klangraum.de\/wp-content\/uploads\/2023\/02\/IMG-20200421-WA00631-300x225.jpg 300w, https:\/\/sem-s-klangraum.de\/wp-content\/uploads\/2023\/02\/IMG-20200421-WA00631-768x576.jpg 768w, https:\/\/sem-s-klangraum.de\/wp-content\/uploads\/2023\/02\/IMG-20200421-WA00631-1536x1153.jpg 1536w, https:\/\/sem-s-klangraum.de\/wp-content\/uploads\/2023\/02\/IMG-20200421-WA00631.jpg 1599w\" sizes=\"(max-width: 1024px) 100vw, 1024px\" \/><figcaption class=\"wp-element-caption\"><strong>Klangreise im Fitnessstudio<\/strong><\/figcaption><\/figure>\n\n\n\n<p><\/p>\n\n\n\n<p class=\"has-text-align-center\">Es besteht auch die M\u00f6glichkeit, dass die Klangtreffen auf individuelle Gruppen abgestimmt werden. Dazu komme ich Sie gerne mit meinen Kl\u00e4ngen in Ihrer Einrichtung besuchen (Team, Arbeitskreis, Familie, Freunde \u2026).<\/p>\n\n\n\n<p class=\"has-text-align-center\"><strong>Termine und Preise auf Anfrage<\/strong><\/p>\n","protected":false},"excerpt":{"rendered":"<p>Es finden regelm\u00e4\u00dfig Klangreisen statt. Eine Klangreise ist eine gef\u00fchrte Meditation, begleitet von Klangschalen und einem Gong. Die Klangreise l\u00e4dt Sie ein zum Tr\u00e4umen und Entspannen. Auf diese wohltuenden Reise [&hellip;]<\/p>\n","protected":false},"author":1,"featured_media":0,"parent":0,"menu_order":0,"comment_status":"closed","ping_status":"closed","template":"","meta":[],"_links":{"self":[{"href":"https:\/\/sem-s-klangraum.de\/index.php?rest_route=\/wp\/v2\/pages\/235"}],"collection":[{"href":"https:\/\/sem-s-klangraum.de\/index.php?rest_route=\/wp\/v2\/pages"}],"about":[{"href":"https:\/\/sem-s-klangraum.de\/index.php?rest_route=\/wp\/v2\/types\/page"}],"author":[{"embeddable":true,"href":"https:\/\/sem-s-klangraum.de\/index.php?rest_route=\/wp\/v2\/users\/1"}],"replies":[{"embeddable":true,"href":"https:\/\/sem-s-klangraum.de\/index.php?rest_route=%2Fwp%2Fv2%2Fcomments&post=235"}],"version-history":[{"count":9,"href":"https:\/\/sem-s-klangraum.de\/index.php?rest_route=\/wp\/v2\/pages\/235\/revisions"}],"predecessor-version":[{"id":438,"href":"https:\/\/sem-s-klangraum.de\/index.php?rest_route=\/wp\/v2\/pages\/235\/revisions\/438"}],"wp:attachment":[{"href":"https:\/\/sem-s-klangraum.de\/index.php?rest_route=%2Fwp%2Fv2%2Fmedia&parent=235"}],"curies":[{"name":"wp","href":"https:\/\/api.w.org\/{rel}","templated":true}]}}